 + 2. Calculate j(-1).
18
Let v(n) = n**3 + 11*n**2 + 10*n + 4. Determine v(-10).
4
Let w(v) = v**3 + 14*v**2 + 44*v + 2. Give w(-9).
11
Let f(x) = x**2 + 7*x + 21. Determine f(-10).
51
Let p(m) = -25*m + 23. Give p(2).
-27
Let a(s) = -s**2 + 4*s - 2. Give a(-4).
-34
Let c(i) = i**2 - 5*i - 6. Give c(6).
0
Let v(l) = -12*l + 25. Determine v(-6).
97
Let n(d) = d + 19. Give n(-7).
12
Let n(l) = l**3 - 6*l**2 - l - 29. Determine n(7).
13
Let w(h) = 3*h - 4. What is w(4)?
8
Let s(w) = 2*w**2 - 3*w - 10. Calculate s(-2).
4
Let g(i) = i**3 + 7*i**2 + 5*i - 6. Calculate g(-6).
0
Let p(y) = y**3 - 11*y**2 + 11*y - 8. Calculate p(11).
113
Let f(b) = -4*b - 10. Calculate f(-7).
18
Let u(v) = -v**2 + 7*v + 8. Give u(9).
-10
Let r(y) = y**3 - 4*y**2 - 2*y + 6. What is r(5)?
21
Let f(g) = -2*g**2 - 15*g + 8. Give f(-9).
-19
Let d(m) = 9*m**3 - m**2 + m + 1. Determine d(1).
10
Let q(y) = -y**2 - 11*y - 15. Calculate q(-8).
9
Let t(y) = -8*y + 277. What is t(36)?
-11
Let k(v) = -v + 27. Calculate k(16).
11
Let l(h) = -h**3 + 15*h**2 - 46*h + 26. What is l(11)?
4
Let t(y) = y**2 - 7*y - 10. Give t(7).
-10
Let j(z) = -7*z**3 - 2*z**2 + 7*z - 6. What is j(1)?
-8
Let v(p) = -p**3 - 2*p**2 + 11*p + 14. Determine v(-4).
2
Let x(a) = -a**3 + 8*a**2 - 7*a + 12. Determine x(7).
12
Let v(n) = 5*n - 33. Determine v(7).
2
Let f(n) = 3*n - 14. Determine f(-9).
-41
Let x(k) = -12*k + 87. Give x(7).
3
Let n(g) = -g**2 + g + 91. What is n(-9)?
1
Let l(j) = -j**2 + 9*j + 20. What is l(10)?
10
Let m(y) = 3*y + 36. Give m(-6).
18
Let n(o) = o**3 - 7*o**2 + 3*o + 5. Determine n(7).
26
Let b(j) = -2*j**2 - 13*j - 2. Give b(-8).
-26
Let i(s) = s**2 + 28*s + 40. Give i(-26).
-12
Let g(b) = -2*b**2 + 96*b - 10. Calculate g(48).
-10
Let v(z) = z**2 - 13*z - 53. Give v(16).
-5
Let x(p) = p**3 - 10*p**2 - 3*p - 58. Determine x(11).
30
Let y(c) = 10*c - 196. What is y(20)?
4
Let n(x) = x - 13. Give n(15).
2
Let b(y) = y**3 + 6*y**2 + 6*y + 4. Give b(-4).
12
Let t(i) = -i**3 + 8*i**2 - 8*i - 7. Calculate t(7).
-14
Let k(n) = 7*n - 69. What is k(9)?
-6
Let w(z) = -z**2 - z - 1. Determine w(4).
-21
Let c(p) = p**2 - 7*p - 6. Calculate c(7).
-6
Let n(j) = 2*j**3 + 5*j**2 + 3*j + 3. Determine n(-4).
-57
Let i(l) = 11*l - 33. Give i(3).
0
Let x(r) = -25*r - 119. Calculate x(-5).
6
Let t(y) = -y**3 - 12*y**2 - 11. Calculate t(-12).
-11
Let g(a) = -6*a + 16. Give g(-3).
34
Let y(l) = -l**2 - 6*l - 17. Give y(-2).
-9
Let r(p) = p**2 + 2*p - 2. Determine r(1).
1
Let o(j) = j**3 + 12*j**2 - 11*j + 16. Determine o(-13).
-10
Let d(m) = -m**3 - 6*m**2 - 2*m. Determine d(-4).
-24
Let f(w) = -w**2 - 13*w - 22. Determine f(-7).
20
Let x(t) = t + 4. Give x(-6).
-2
Let o(u) = u**3 + 11*u**2 + 11*u - 6. What is o(-10)?
-16
Let w(f) = f**3 - 3*f**2 - 2*f. Calculate w(4).
8
Let w(k) = -2*k**2 - 3*k + 2. What is w(1)?
-3
Let z(s) = s**2 + 32*s + 139. Give z(-5).
4
Let o(z) = -z**2 + 23*z + 73. What is o(26)?
-5
Let x(g) = -5*g + 19. Give x(6).
-11
Let h(z) = -4*z + 1. Give h(-1).
5
Let h(y) = -9*y**2 + 2*y. What is h(2)?
-32
Let c(m) = -33*m**3 + m**2 + m. Determine c(-1).
33
Let u(o) = -o**2 + 32*o - 64. Calculate u(27).
71
Let c(l) = l**2 - 2*l - 5. What is c(-2)?
3
Let d(g) = g**2 - 5*g - 75. Give d(-7).
9
Let n(l) = l**2 - 13*l - 19. Determine n(15).
11
Let k(n) = 23*n + 25. Give k(-1).
2
Let z(h) = 2*h**2 - 22*h + 2. Give z(9).
-34
Let d(z) = -z**3 + 4*z**2 + 2*z + 1. Determine d(4).
9
Let w(o) = o**3 - 18*o**2 + 13*o + 31. Give w(17).
-37
Let n(m) = m**2 + 6*m - 7. What is n(-5)?
-12
Let k(j) = j**3 - 23*j**2 + 2*j - 80. Calculate k(23).
-34
Let l(c) = 2*c**3 + 5*c**2 + 4*c + 27. Calculate l(-3).
6
Let z(x) = -3*x**2 + 7*x + 9. What is z(-1)?
-1
Let c(t) = -5*t**3 - t**2 + t - 2. Give c(1).
-7
Let f(j) = 2*j**2 + 23*j - 3. Give f(-10).
-33
Let m(c) = -9*c**3 - 3*c**2 + 2*c + 1. Give m(1).
-9
Let g(l) = -9*l**2 + 3*l - 2. Give g(1).
-8
Let r(c) = -c**3 + 11*c**2 - 30*c + 12. Calculate r(7).
-2
Let x(d) = -d**3 + 24*d**2 + d - 30. Determine x(24).
-6
Let a(c) = -c**3 + 13*c**2 - 13*c - 105. What is a(11)?
-6
Let b(g) = -3*g + 31. What is b(12)?
-5
Let w(f) = f**3 - 3*f**2 + 5*f - 3. Determine w(3).
12
Let l(x) = -x**3 - 4*x**2 - 4*x + 1. Calculate l(-4).
17
Let f(c) = -c**2 + 16*c - 11. Calculate f(10).
49
Let q(k) = -k**3 + 10*k**2 + 4*k + 5. Determine q(7).
180
Let z(a) = -2*a**3 + 13*a**2 + 10*a - 4. Determine z(6).
92
Let w(p) = p**2 + 19*p - 12. Determine w(-9).
-102
Let k(p) = p**3 - 5*p**2 - 4*p + 5. Determine k(4).
-27
Let t(c) = c + 8. Calculate t(-6).
2
Let x(r) = -r**2 + 27*r + 51. Give x(26).
77
Let i(d) = -67*d - 83. Give i(-1).
-16
Let w(i) = i. Determine w(2).
2
Let m(i) = 2*i**2 - 18*i + 13. What is m(7)?
-15
Let j(i) = i**3 + 4*i**2 + i + 7. Determine j(-6).
-71
Let v(i) = i - 6. Calculate v(2).
-4
Let m(h) = 28*h + 103. Determine m(-4).
-9
Let m(r) = -2*r**2 + 116*r - 229. Give m(56).
-5
Let w(k) = k**3 - 8*k**2 + 9. Calculate w(8).
9
Let y(u) = 4*u - 153. Calculate y(35).
-13
Let j(l) = -31*l**2 - l. Give j(-1).
-30
Let w(t) = t**2 + 14*t - 8. What is w(-10)?
-48
Let n(s) = -s**3 - 19*s**2 - 4*s + 8. What is n(-19)?
84
Let q(x) = x**3 + 4*x**2 + x + 1. What is q(-4)?
-3
Let q(m) = 8*m**2 - 2*m + 2. Give q(1).
8
Let i(k) = 2*k**2 + 26*k - 62. Determine i(-15).
-2
Let l(d) = d**3 - 37*d**2 + 71*d + 3. Give l(35).
38
Let u(t) = -t**2 + 2*t - 6. What is u(-5)?
-41
Let s(l) = -l**2 - 9*l - 12. Calculate s(-7).
2
Let k(o) = -3*o**3 + 3*o - 3. Determine k(-3).
69
Let i(m) = -5*m**3 - 3*m**2 + 2. Determine i(-2).
30
Let i(x) = -x - 16. Give i(20).
-36
Let m(d) = -3*d**2 + 27*d + 2. Give m(9).
2
Let m(o) = -o**3 - 6*o**2 + 5*o - 1. Determine m(-7).
13
Let j(c) = c**3 - 9*c**2 - 7*c - 12. Determine j(10).
18
Let n(j) = -j**3 - j**2 - j + 11. Calculate n(0).
11
Let n(t) = 2*t**2 + 2. Give n(-2).
10
Let h(b) = 7*b**2 - 4*b + 4. Determine h(2).
24
Let w(y) = y**3 - 17*y**2 + 17*y - 15. Calculate w(16).
1
Let t(z) = -z**3 + 34*z**2 - 33*z - 32. What is t(33)?
-32
Let n(t) = -3*t. What is n(3)?
-9
Let u(d) = -3*d**2 - 21*d - 11. Give u(-8).
-35
Let x(m) = -m**2 + m + 91. Calculate x(-9).
1
Let t(s) = -3*s**2 - 13*s + 165. Determine t(-10).
-5
Let c(z) = 82*z**3 + 1. What is c(1)?
83
Let o(g) = 20*g**3 + 4*g**2 - 3*g - 1. Determine o(1).
20
Let x(d) = 24*d - 130. What is x(6)?
14
Let r(u) = -u**3 + 6*u**2 - 4*u + 5. Determine r(6).
-19
Let m(g) = -g**2 + 15*g + 15. Calculate m(16).
-1
Let d(r) = r**3 + 2*r**2 + 4*r + 3. Calculate d(-3).
-18
Let v(x) = 8*x**2 - 1. Determine v(1).
7
Let d(j) = j**3 + 2*j**2 - 13*j + 9. What is d(-5)?
-1
Let z(h) = -h + 46. What is z(49)?
-3
Let r(d) = d. Calculate r(7).
7
Let t(g) = -g - 19. Calculate t(12).
-31
Let h(g) = -33*g - 4. What is h(-1)?
29
Let y(o) = -o**3 + 5*o**2 + 3*o - 10. Determine y(4).
18
Let x(f) = f**3 + 2*f**2 - f - 1. Give x(-2).
1
Let q(h) = -2*h**2 + 21*h - 9. Give q(10).
1
Let m(s) = -3*s - 86. Give m(-27).
-5
Let t(a) = a + 1. Give t(2).
3
Let g(v) = 4*v + 4. Give g(7).
32
Let r(a) = -10*a**2 + 2. What is r(2)?
-38
Let k(x) = -x**2 + 15*x - 38. What is k(12)?
-2
Let p(f) = -3*f**3 + 12*f**2 - 12*f + 7. Calculate p(3).
-2
Let h(n) = -30*n**3 + n**2 - n - 2. Calculate h(-1).
30
Let m(k) = 8*k + 9. Calculate m(-4).
-23
Let l(f) = 6*f**2 + 14*f - 13. What is l(1)?
7
Let q(h) = h**3 - 4*h**2 - 4*h + 4. Determine q(7).
123
Let q(s) = -2*s**2 - 12*s + 14. Determine q(-7).
0
Let i(s) = 2*s**3 + 24*s**2 + 3*s + 33. Determine i(-12).
-3
Let h(n) = -n**2 - n - 6. What is h(-3)?
-12
Let q(i) = -16*i**2 - 14*i - 3. Give q(-2).
-39
Let b(v) = 10*v**2 + 181*v + 8. Determine b(-18).
-10
Let t(y) = y + 26. What is t(-28)?
-2
Let g(q) = -10*q + 249. Give g(23).
19
Let a(q) = q**3 + 3*q**2 - 27*q + 1. What is a(4)?
5
Let b(u) = -4*u**2 + 2*u. Determine b(2).
-12
Let h(x) = x**2 - 8*x + 12. Calculate h(4).
-4
Let v(d) = -23*d + 15. Determine v(1).
-8
Let j(b) = -b**3 - 16*b**2 - 13*b + 4. What is j(-15)?
-26
Let b(r) = -13*r**2 - r - 3. What is b(3)?
-123
Let r(d) = d**3 + 12*d**2 + 9*d - 28. Calculate r(-11).
-6
Let w(m) = 6*m**3 + 2*m**2 - 5*m + 2. Calculate w(-2).
-28
Let r(h) = -h - 3. Give r(-11).
8
Let w(z) = -5*z - 205. Calculate w(-41).
0
Let b(z) = -2*z - 37. Determine b(-14).
-9
Let x(j) = 2*j**2 + 17*j - 6. Determine x(-9).
3
Let t(l) = l + 18. De